+ 113. Calculate z(29).
-32
Let b(s) = s**2 - 5*s + 6. Determine b(4).
2
Let j(l) = -2*l - 21. Give j(10).
-41
Let k(r) = -r**3 - 10*r**2 + 13*r + 27. Calculate k(-11).
5
Let n(k) = 6*k - 66. What is n(12)?
6
Let s(u) = -3*u - 31. What is s(-9)?
-4
Let m(q) = q - 16. What is m(13)?
-3
Let c(q) = -q**3 - 7*q**2 - q - 5. Determine c(-7).
2
Let v(u) = -5*u**3 + u**2 - 1. Determine v(-1).
5
Let y(x) = x**2 + 5*x - 12. Determine y(-6).
-6
Let l(b) = b**3 + 9*b**2 - 4*b + 54. What is l(-10)?
-6
Let m(o) = -8*o**2 - 94*o + 18. Give m(-12).
-6
Let l(g) = g**2 - 2*g. Determine l(-2).
8
Let n(h) = 2*h**2 - 3*h - 1. Give n(5).
34
Let h(g) = -4*g + 42. Give h(10).
2
Let x(y) = -y**3 - 15*y**2 + 35*y + 28. Determine x(-17).
11
Let j(y) = -y**3 - 5*y**2 + 19*y + 19. Calculate j(-7).
-16
Let i(j) = -j**2 + 20*j - 39. Determine i(17).
12
Let i(p) = -p**3 - 11*p**2 - 31*p - 209. Determine i(-10).
1
Let k(s) = 11*s**2 + 35*s + 29. What is k(-1)?
5
Let f(j) = -5*j + 4. Calculate f(6).
-26
Let f(l) = -3*l**3 - 10*l**2 - 6*l + 13. What is f(-3)?
22
Let r(q) = 7*q + 24. Give r(-9).
-39
Let p(o) = -o**3 - 4*o**2 - 5*o - 5. Determine p(-4).
15
Let r(p) = -p - 13. Calculate r(-10).
-3
Let c(l) = -l**3 + l**2 - 2*l + 3. Give c(3).
-21
Let z(u) = u**3 - 6*u**2 - 2*u + 6. What is z(6)?
-6
Let l(j) = j. Determine l(7).
7
Let u(i) = -4*i**2 + 222*i + 113. Calculate u(56).
1
Let n(f) = -11*f + 12. What is n(3)?
-21
Let o(s) = -4*s + 1. Determine o(2).
-7
Let z(t) = -t**3 + 2*t**2 + t + 2. Give z(3).
-4
Let z(x) = -x**3 - 27. Determine z(0).
-27
Let h(v) = -3*v**2 - 3*v - 1. Calculate h(-2).
-7
Let c(t) = t**3 + 17*t**2 + 16*t. What is c(-16)?
0
Let v(p) = -27*p - 1. Give v(1).
-28
Let v(g) = 8*g**3 + 4*g**2 + 7*g + 3. Determine v(-1).
-8
Let x(z) = 2*z**3 + 9*z**2 - 4*z + 5. Give x(-5).
0
Let b(q) = -11*q - 205. What is b(-19)?
4
Let b(k) = -k - 16. Determine b(-13).
-3
Let j(m) = -18*m - 10. Give j(-4).
62
Let m(s) = -4*s**2 - 7*s - 11. Give m(-5).
-76
Let w(t) = -t**2 - 89*t + 568. Give w(6).
-2
Let z(g) = 4*g + 111. Determine z(6).
135
Let t(f) = -f**3 - 4*f**2 + 4*f + 7. Give t(-5).
12
Let j(i) = i**3 - 8*i**2 + 10*i + 9. Determine j(6).
-3
Let x(o) = -2*o**2 + 5*o - 10. Give x(0).
-10
Let s(n) = 38*n + 872. What is s(-23)?
-2
Let s(c) = -c**3 - 7*c**2 + 3*c + 10. What is s(-7)?
-11
Let z(d) = -d**3 + 15*d**2 - 24*d - 25. Give z(13).
1
Let d(t) = -t**2 - 21*t + 91. Determine d(4).
-9
Let r(m) = 12*m + 76. Calculate r(-6).
4
Let q(z) = z**3 - 10*z**2 + 10*z - 9. Calculate q(9).
0
Let t(c) = c**3 + 7*c**2 + 9*c + 2. What is t(-5)?
7
Let l(d) = 3*d**3 - 2*d**2 + 6*d - 2. Determine l(2).
26
Let g(f) = -4*f**2 - 5*f - 6. Give g(-6).
-120
Let o(n) = n**2 - 4*n + 3. Calculate o(6).
15
Let p(w) = -w**3 + 4*w**2 - 4*w + 6. Give p(3).
3
Let l(j) = -2*j**3 - 2*j**2 + 10*j + 17. What is l(-2)?
5
Let y(x) = 3*x - 158. What is y(52)?
-2
Let n(t) = -t + 94. Calculate n(0).
94
Let s(o) = 5*o**2 + 69*o - 21. Determine s(-14).
-7
Let i(t) = t**2 + 5*t - 41. What is i(-9)?
-5
Let z(g) = 5*g**2 + 4*g. Give z(-3).
33
Let b(k) = 18*k**2 + 37*k + 1. What is b(-2)?
-1
Let j(m) = -m**2 + 22*m - 49. Calculate j(19).
8
Let i(l) = l**3 + 7*l**2 - 6*l + 11. Give i(-8).
-5
Let l(o) = o**2 + 24*o - 4. What is l(-25)?
21
Let v(c) = -c**3 - 4*c**2 - 3*c + 6. Determine v(-4).
18
Let p(j) = j**3 - 7*j**2 - 2*j - 13. Determine p(0).
-13
Let s(q) = q**3 - 4*q**2 + 3*q + 1. Determine s(4).
13
Let s(a) = -70*a + 988. Determine s(14).
8
Let j(p) = p**3 - 4*p**2 - 22*p + 6. Give j(7).
-1
Let z(u) = 4*u + 19. Calculate z(-12).
-29
Let z(x) = x**3 + 11*x**2 - 3*x - 15. Give z(-11).
18
Let t(v) = v + 3. Calculate t(10).
13
Let d(u) = 75*u + 277. Determine d(-4).
-23
Let o(c) = -3*c**2 - 105*c + 80. What is o(-36)?
-28
Let v(z) = -z**3 + 6*z**2 - 7*z + 16. Give v(5).
6
Let q(r) = 36*r + 4. What is q(0)?
4
Let t(n) = 3*n**3 + 5*n**2 - 13*n - 23. Give t(-2).
-1
Let u(x) = -x**2 - 5*x + 3. Determine u(-3).
9
Let t(j) = -5*j - 87. What is t(-16)?
-7
Let h(a) = -a + 8. What is h(-13)?
21
Let g(t) = 3*t + 16. Give g(4).
28
Let k(z) = z**3 + 7*z**2 + 7. Calculate k(-7).
7
Let o(a) = 3*a**2 + 101*a + 155. Determine o(-32).
-5
Let g(b) = -6*b + 1. What is g(1)?
-5
Let v(z) = 13*z**2 - 5*z + 1. Give v(1).
9
Let h(i) = -i**2 + 15*i - 26. Determine h(13).
0
Let g(f) = -f**3 + 5*f**2 - 5*f + 6. Calculate g(5).
-19
Let y(f) = -2*f - 16. What is y(-18)?
20
Let g(f) = 33*f - 1. Give g(1).
32
Let s(b) = -2*b**2 - 33*b + 26. Calculate s(-18).
-28
Let h(q) = q**2 + 27*q + 99. What is h(-22)?
-11
Let o(r) = -99*r. Give o(-1).
99
Let p(u) = u**3 - 8*u**2 + 4*u + 13. Determine p(7).
-8
Let m(b) = 22*b + 54. Determine m(0).
54
Let w(p) = 8*p - 43. Calculate w(9).
29
Let f(b) = 2*b - 21. Give f(8).
-5
Let x(f) = -f**3 + 7*f**2 - 10*f + 21. Determine x(6).
-3
Let z(n) = n**2 + 2*n - 2. Determine z(-3).
1
Let x(z) = -z**3 - 30*z**2 - 27*z + 64. Calculate x(-29).
6
Let w(o) = -o**2 - 7*o. Calculate w(-3).
12
Let u(w) = -2*w**3 + 12*w**2 + 17*w - 92. What is u(6)?
10
Let f(r) = 6*r + 3. Calculate f(-5).
-27
Let l(m) = -2*m + 25. What is l(7)?
11
Let h(k) = k**2 + 10*k + 23. Determine h(-5).
-2
Let q(n) = n**3 + 12*n**2 + 21*n + 11. What is q(-10)?
1
Let h(c) = -c**3 + 9*c**2 + 8*c + 24. What is h(10)?
4
Let w(g) = -g**2 + 34*g + 1155. Give w(55).
0
Let u(f) = f - 8. What is u(10)?
2
Let s(z) = -z - 5. Calculate s(3).
-8
Let r(b) = -b**2 + 9*b - 3. What is r(4)?
17
Let c(n) = n**2 - n + 1. Determine c(1).
1
Let r(h) = -h**3 + 24*h**2 - 21*h - 42. Give r(23).
4
Let w(g) = -g**2 + 125. What is w(0)?
125
Let l(i) = 76*i + 384. Calculate l(-5).
4
Let k(m) = -m**3 + 5*m**2 - 4*m. Determine k(3).
6
Let t(p) = p**2 + 17*p + 2. Determine t(-16).
-14
Let f(m) = m**3 + 15*m**2 + 49*m - 17. Calculate f(-10).
-7
Let t(m) = m**3 - 11*m**2 - 13*m + 24. Determine t(12).
12
Let i(y) = y**3 - 5*y**2 + 3*y + 1. What is i(1)?
0
Let y(a) = a**3 + 17*a**2 + 40*a - 24. Determine y(-14).
4
Let l(d) = -8*d - 7. Calculate l(-5).
33
Let q(c) = -46*c - 6. Determine q(-3).
132
Let t(s) = 22*s - 55. Determine t(2).
-11
Let d(x) = -23*x + 11. Give d(0).
11
Let m(i) = 4*i**3 + 41*i**2 + 13*i + 23. Calculate m(-10).
-7
Let f(q) = q**3 - 10*q**2 - 15*q - 1. Determine f(11).
-45
Let a(y) = 2*y**2 - 12*y + 19. Determine a(8).
51
Let p(b) = 11*b**2 - 4*b + 3. What is p(1)?
10
Let l(a) = a**3 - a**2 - 14*a + 20. What is l(3)?
-4
Let b(p) = -p**2 + 7*p - 6. Give b(6).
0
Let a(k) = -8*k - 44. Calculate a(-6).
4
Let q(y) = 2*y**2 + 13*y + 18. Give q(-4).
-2
Let w(r) = -2*r - 104. What is w(-37)?
-30
Let q(i) = -i**2 - 7*i - 6. Calculate q(-1).
0
Let o(v) = -v**2 + 17*v + 9. Give o(18).
-9
Let j(a) = -51*a + 355. What is j(7)?
-2
Let l(o) = o**2 + 13*o + 12. Calculate l(-10).
-18
Let r(a) = a**3 + 17*a**2 - 19*a - 10. Calculate r(-18).
8
Let m(s) = s**2 - 19*s + 85. Determine m(13).
7
Let r(j) = -j**2 + 20. Give r(0).
20
Let i(v) = -23*v + 10. Calculate i(0).
10
Let n(v) = -v**3 + 15*v**2 - 7*v - 24. Calculate n(14).
74
Let w(h) = 12*h - 110. Calculate w(10).
10
Let a(b) = -b**2 - 6*b + 1. Give a(-3).
10
Let k(z) = -z + 7. Calculate k(7).
0
Let y(v) = v - 1. Determine y(-1).
-2
Let m(p) = 4*p**2 - p - 1. Give m(1).
2
Let b(j) = j**3 + j**2 - 6*j + 9. Calculate b(-4).
-15
Let b(j) = j**2 + 6*j - 3. Determine b(-5).
-8
Let y(c) = c**3 - 14*c**2 - 2*c + 22. Calculate y(14).
-6
Let n(z) = z - 1. Determine n(-6).
-7
Let i(c) = -14*c - 2. Calculate i(-5).
68
Let i(u) = -8*u + 2. Calculate i(-13).
106
Let i(q) = -q**3 + 4*q**2 - 6*q - 2. What is i(3)?
-11
Let a(o) = 2*o - 10. What is a(0)?
-10
Let w(k) = -k**3 + 2*k**2 + 2. Determine w(2).
2
Let s(u) = -u**2 - 9*u - 12. What is s(-9)?
-12
Let h(s) = -s**3 - 14*s**2 - 13*s + 1. Calculate h(-13).
1
Let t(h) = -3*h + 48. Calculate t(16).
0
Let s(j) = j**2 + 14*j - 5. Determine s(-12).
-29
Let c(m) = -24*m + 26. What is c(5)?
-94
Let n(t) = 31*t - 65. What is n(5)?
90
Let i(c) = -c**2 + 34*c - 117. Determine i(31).
-24
Let o(t) = t**2 + 26*t + 47. Give o(-2).
-1
Let g(x) = 2*x - 6. Give g(-5).
-16
Let x(q) = -q**2 - 1. What is x(2)?
-5
Let v(m) = -m**2 + 6*m + 5. Calculate v(8).
-11
Let x(v) = 10*v**3 - 4*v**2 + 5*v - 4. Calculate x(1).
7
Let g(n) = -n**3 + 7*n**2 + 6*n + 14. Give g(8).
-2
Let h(c) = -2*c**2 - 3*c + 1. Calculate h(-4).
-1